{"id":382,"date":"2016-09-24T08:21:48","date_gmt":"2016-09-24T07:21:48","guid":{"rendered":"https:\/\/hpce.fr\/?page_id=382"},"modified":"2020-12-31T17:19:06","modified_gmt":"2020-12-31T16:19:06","slug":"au-cabinet-seance-individuelle","status":"publish","type":"page","link":"https:\/\/hpce.fr\/?page_id=382","title":{"rendered":"Au Cabinet : S\u00e9ance Individuelle"},"content":{"rendered":"<p style=\"text-align: center;\"><a href=\"https:\/\/hpce.fr\/wp-content\/uploads\/2015\/09\/IMG_20161021_184412.jpg\"><img loading=\"lazy\" decoding=\"async\" class=\"wp-image-405 alignright\" src=\"https:\/\/hpce.fr\/wp-content\/uploads\/2015\/09\/IMG_20161021_184412-300x225.jpg\" alt=\"\" width=\"259\" height=\"194\" srcset=\"https:\/\/hpce.fr\/wp-content\/uploads\/2015\/09\/IMG_20161021_184412-300x225.jpg 300w, https:\/\/hpce.fr\/wp-content\/uploads\/2015\/09\/IMG_20161021_184412-768x576.jpg 768w, https:\/\/hpce.fr\/wp-content\/uploads\/2015\/09\/IMG_20161021_184412-1024x768.jpg 1024w\" sizes=\"auto, (max-width: 259px) 100vw, 259px\" \/><\/a><span style=\"color: #00ffff;\"><strong>Je vous accueille, pour une s\u00e9ance r\u00e9pondant \u00e0 vos besoins.<\/strong><\/span><\/p>\n<p style=\"text-align: center;\">La premi\u00e8re s\u00e9ance est l&rsquo;occasion de faire connaissance et mieux comprendre vos besoins ,pour y r\u00e9pondre le plus justement possible, gr\u00e2ce \u00e0 la <span style=\"color: #00ffff;\"><strong>Sophrologie et\/ou l&rsquo;Activit\u00e9 Sportive<\/strong>.<\/span><\/p>\n<p style=\"text-align: center;\">Suivant votre demande, nous mettons en place un programme de plusieurs s\u00e9ances que nous ajustons suivant votre progression et vos requ\u00eates.<\/p>\n<p style=\"text-align: center;\"><span style=\"color: #00ffff;\">Je propose diff\u00e9rents forfaits et <strong>mon premier objectif<\/strong> est de vous permettre <strong>d&rsquo;acqu\u00e9rir une autonomie dans votre pratique.<\/strong><\/span><\/p>\n<p style=\"text-align: left;\">\u00a0 \u00a0 \u00a0 \u00a0 \u00a0 \u00a0 \u00a0 \u00a0 \u00a0 \u00a0 \u00a0 \u00a0 \u00a0 \u00a0 \u00a0 \u00a0 \u00a0 \u00a0 \u00a0 \u00a0A bient\u00f4t et Bonne Forme, Elodie.<\/p>\n<p style=\"text-align: left;\">\u00a0 \u00a0 \u00a0 \u00a0 \u00a0 \u00a0 \u00a0 \u00a0 \u00a0 \u00a0 \u00a0 \u00a0 \u00a0 \u00a0 \u00a0 \u00a0 \u00a0 \u00a0 \u00a0 \u00a0 \u00a0 \u00a0 \u00a0 \u00a0 \u00a0 \u00a0 \u00a006.95.34.16.79<\/p>\n<p>&nbsp;<\/p>\n","protected":false},"excerpt":{"rendered":"<p>Je vous accueille, pour une s\u00e9ance r\u00e9pondant \u00e0 vos besoins. La premi\u00e8re s\u00e9ance est l&rsquo;occasion de faire connaissance et mieux comprendre vos besoins ,pour y r\u00e9pondre le plus justement possible, gr\u00e2ce \u00e0 la Sophrologie et\/ou l&rsquo;Activit\u00e9 Sportive. Suivant votre demande, nous mettons en place un programme de plusieurs s\u00e9ances que nous ajustons suivant votre progression [&hellip;]<\/p>\n","protected":false},"author":2,"featured_media":0,"parent":0,"menu_order":0,"comment_status":"closed","ping_status":"closed","template":"page-full-width.php","meta":{"footnotes":""},"class_list":["post-382","page","type-page","status-publish","hentry"],"jetpack_shortlink":"https:\/\/wp.me\/P5WQun-6a","jetpack_sharing_enabled":false,"_links":{"self":[{"href":"https:\/\/hpce.fr\/index.php?rest_route=\/wp\/v2\/pages\/382","targetHints":{"allow":["GET"]}}],"collection":[{"href":"https:\/\/hpce.fr\/index.php?rest_route=\/wp\/v2\/pages"}],"about":[{"href":"https:\/\/hpce.fr\/index.php?rest_route=\/wp\/v2\/types\/page"}],"author":[{"embeddable":true,"href":"https:\/\/hpce.fr\/index.php?rest_route=\/wp\/v2\/users\/2"}],"replies":[{"embeddable":true,"href":"https:\/\/hpce.fr\/index.php?rest_route=%2Fwp%2Fv2%2Fcomments&post=382"}],"version-history":[{"count":5,"href":"https:\/\/hpce.fr\/index.php?rest_route=\/wp\/v2\/pages\/382\/revisions"}],"predecessor-version":[{"id":2085,"href":"https:\/\/hpce.fr\/index.php?rest_route=\/wp\/v2\/pages\/382\/revisions\/2085"}],"wp:attachment":[{"href":"https:\/\/hpce.fr\/index.php?rest_route=%2Fwp%2Fv2%2Fmedia&parent=382"}],"curies":[{"name":"wp","href":"https:\/\/api.w.org\/{rel}","templated":true}]}}